{"id":765,"date":"2018-08-31T09:41:18","date_gmt":"2018-08-31T09:41:18","guid":{"rendered":"http:\/\/turismo.cec.es\/?page_id=765"},"modified":"2019-11-15T09:09:49","modified_gmt":"2019-11-15T08:09:49","slug":"empleo","status":"publish","type":"page","link":"https:\/\/turismo.cec.es\/index.php\/empleo\/","title":{"rendered":"EMPLEO"},"content":{"rendered":"<p>La contribuci\u00f3n del turismo en Galicia tambi\u00e9n es evidente en t\u00e9rminos de empleo. Concretamente el turismo genera 109.050 empleos en 2017, lo que representa el 11,0% del total del empleo de toda la comunidad aut\u00f3noma en ese mismo a\u00f1o, seg\u00fan los resultados del Estudio IMPACTUR Galicia.<\/p>\n<p>Este excelente registro alcanzado por la actividad tur\u00edstica, se sit\u00faa por encima del dinamismo observado para el conjunto de la econom\u00eda gallega, 4,1% seg\u00fan los datos de la contabilidad trimestral del IGE, y se ha concretado en un incremento de la aportaci\u00f3n del turismo al total de la econom\u00eda de la comunidad, desde el 9,9% de 2016 hasta el 10,4% con el que cierra 2017, seg\u00fan revelan los resultados de IMPACTUR.<\/p>\n<figure style=\"width: 1150px\" class=\"wp-caption aligncenter\"><img loading=\"lazy\" decoding=\"async\" class=\"size-full wp-image-1465\" src=\"https:\/\/turismo.cec.es\/wp-content\/uploads\/2019\/11\/IMG02_FragasdoEume.jpg\" alt=\"Fragas del Eume\" width=\"1150\" height=\"530\" srcset=\"https:\/\/turismo.cec.es\/wp-content\/uploads\/2019\/11\/IMG02_FragasdoEume.jpg 1150w, https:\/\/turismo.cec.es\/wp-content\/uploads\/2019\/11\/IMG02_FragasdoEume-300x138.jpg 300w, https:\/\/turismo.cec.es\/wp-content\/uploads\/2019\/11\/IMG02_FragasdoEume-768x354.jpg 768w, https:\/\/turismo.cec.es\/wp-content\/uploads\/2019\/11\/IMG02_FragasdoEume-1024x472.jpg 1024w\" sizes=\"auto, (max-width: 1150px) 100vw, 1150px\" \/><figcaption class=\"wp-caption-text\">Fragas del Eume<\/figcaption><\/figure>\n<p>Seg\u00fan los datos del Instituto Nacional de Estad\u00edstica, el sector servicios aporta el 69,5% de la generaci\u00f3n del PIB provincial, m\u00e1s de dos puntos porcentuales que en Galicia, que supone el 67,27%, y algo m\u00e1s de cuatro puntos porcentuales menos que en el conjunto del Estado, que alcanza el 73,76%. La actividad tur\u00edstica, que se ve reflejada en el n\u00famero de viajeros y pernoctaciones, se comport\u00f3 de forma positiva, aumentando casi un cuatro y medio por ciento las segundas.<\/p>\n<p>El turismo facilita la incorporaci\u00f3n al mercado laboral de colectivos con dificultades de inserci\u00f3n. Los condicionantes del sector y especialmente los de la hosteler\u00eda, hacen que las oportunidades laborales se concentren en los estratos demogr\u00e1ficos con niveles de desempleo m\u00e1s elevados. El empleo de las mujeres es tambien aqu\u00ed mayoritario.<\/p>\n<p>Estos dos factores sociol\u00f3gicos, la absorci\u00f3n por el turismo de los sectores mas afectados por el desempleo y con menos cualificacion y la incorporaci\u00f3n mayoritaria de las mujeres al mismo, hacen que el turismo en Galicia haya de ser, tambi\u00e9n por esa raz\u00f3n, objeto de una atenci\u00f3n preferente.<\/p>\n<p>&nbsp;<\/p>\n","protected":false},"excerpt":{"rendered":"<p>La contribuci\u00f3n del turismo en Galicia tambi\u00e9n es evidente en t\u00e9rminos de empleo. Concretamente el turismo genera 109.050 empleos en [&hellip;]<\/p>\n","protected":false},"author":1,"featured_media":0,"parent":0,"menu_order":0,"comment_status":"closed","ping_status":"closed","template":"page-templates\/full-width.php","meta":{"footnotes":""},"class_list":["post-765","page","type-page","status-publish","hentry"],"_links":{"self":[{"href":"https:\/\/turismo.cec.es\/index.php\/wp-json\/wp\/v2\/pages\/765","targetHints":{"allow":["GET"]}}],"collection":[{"href":"https:\/\/turismo.cec.es\/index.php\/wp-json\/wp\/v2\/pages"}],"about":[{"href":"https:\/\/turismo.cec.es\/index.php\/wp-json\/wp\/v2\/types\/page"}],"author":[{"embeddable":true,"href":"https:\/\/turismo.cec.es\/index.php\/wp-json\/wp\/v2\/users\/1"}],"replies":[{"embeddable":true,"href":"https:\/\/turismo.cec.es\/index.php\/wp-json\/wp\/v2\/comments?post=765"}],"version-history":[{"count":13,"href":"https:\/\/turismo.cec.es\/index.php\/wp-json\/wp\/v2\/pages\/765\/revisions"}],"predecessor-version":[{"id":1466,"href":"https:\/\/turismo.cec.es\/index.php\/wp-json\/wp\/v2\/pages\/765\/revisions\/1466"}],"wp:attachment":[{"href":"https:\/\/turismo.cec.es\/index.php\/wp-json\/wp\/v2\/media?parent=765"}],"curies":[{"name":"wp","href":"https:\/\/api.w.org\/{rel}","templated":true}]}}